= z, -5*z - 19 = -3*c. Let d(a) = 49*a + 2*a**2 - 54*a + 0 - 3*a**2 - c. Calculate d(-4).
1
Let y(k) = k**2 + 2*k - 1. Let r(n) = -n**2. Let i be r(-3). Let a be i + -7 - (-1)/(-1). Let z = a + 14. Calculate y(z).
2
Let l(r) be the first derivative of -7/2*r**2 + 4 - 1/12*r**4 + 0*r - r**3. Let k(s) be the second derivative of l(s). Determine k(-4).
2
Suppose 22*g = 20*g + 6. Let x(v) = 7*v**3 - 5*v + 8. Let h(o) = 4*o**3 - 3*o + 4. Let n(i) = g*x(i) - 5*h(i). Calculate n(0).
4
Let h(l) be the third derivative of l**4/24 + l**3/2 + 64*l**2. Determine h(-6).
-3
Let m(o) = -17*o - 25. Let k(i) = 2*i + 2. Let p(j) = 5*k(j) + m(j). Calculate p(-3).
6
Let m(g) = -9*g**2 - 2*g**3 + 0*g - 31 + 6*g - 5*g + 27 + 2*g. Determine m(-5).
6
Suppose -2*z = 6*r - 9*r - 2, -4*z + 5*r = -6. Let s(m) = -2*m**2 + 5*m + 3. Give s(z).
-9
Let b(y) = 2*y - 9. Suppose 38 = -4*o - 2*f, 33 + 13 = -5*o - 4*f. Calculate b(o).
-29
Let f(c) = -1. Let d(n) = -n - 11. Let o(x) = -d(x) + f(x). Determine o(-12).
-2
Let k(x) = x**2 + 6*x + 1. Let b be k(-5). Let t(l) be the first derivative of 1/4*l**4 + l**3 - 36 - 2*l**2 - l. Calculate t(b).
-1
Suppose o = 1 - 3. Let f = 4 + -9. Let q(n) = -1. Let r(k) = 2*k - 6. Let z(l) = f*q(l) + r(l). Give z(o).
-5
Suppose 20*i = 7 + 13. Let j(b) be the first derivative of -i - 1/2*b**2 + 2*b. Determine j(5).
-3
Let m(n) = 2 - 3*n + 5*n**2 - 4*n**2 + 0*n. Let r be (-6)/((-7)/(42/9)). Suppose -5*o - r = -14. Calculate m(o).
0
Let y(l) be the second derivative of -l**5/120 + l**4/24 - 41*l**3/6 + 20*l - 2. Let x(c) be the second derivative of y(c). Calculate x(4).
-3
Let a(o) = -16*o - 15. Let b(z) = z + 1. Let k(g) = -2*a(g) - 22*b(g). Let q(m) = -m - 1. Let x(w) = -k(w) - 8*q(w). Give x(-3).
6
Let m(a) = 4*a - 1. Let y(f) = -f**3 - 4*f**2 - 3*f + 3. Let n(s) = -2*s**2 + 7*s - 4. Let i be n(4). Let o be 6*1/i*4. Let g be y(o). Calculate m(g).
11
Let q(u) be the second derivative of -2*u**5/5 - u**4/12 - u**3/6 + u + 10. Give q(-1).
8
Let u = -5 + 10. Let f(l) = 3*l**3 - l**2 - 26*l + 9. Suppose 5*t + 6 - 26 = 0. Let i(z) = z**3 - 9*z + 3. Let p(b) = t*f(b) - 11*i(b). Give p(u).
3
Let b(k) = 2*k**3 + 23*k**2 + 17*k + 23. Let w(a) = -a**3 - 12*a**2 - 9*a - 12. Let i(h) = -6*b(h) - 11*w(h). What is i(-5)?
-16
Suppose 0*x - 2*x - 20 = 0. Let z be (-20)/x - (-2 + 0). Let o(i) = i**3 - 5*i**2 + 3*i + 5. Determine o(z).
1
Let m(f) = -17 + 38 - f - 17 + 20*f. Give m(-2).
-34
Let p(m) be the second derivative of 1/20*m**5 + 0 + 1/2*m**3 + 0*m**2 - 36*m + 1/3*m**4. Calculate p(-3).
0
Let y(s) = -2*s + 4. Let r(x) = x**2 + 9*x + 11. Let b be r(-7). Give y(b).
10
Let v(r) = -r**3 + 3*r**2 - r + 1. Suppose -35*x + 38*x - 12 = 0. Calculate v(x).
-19
Let i(p) = -p**3 - p**2 + p + 1. Let w be i(-1). Suppose -q + w*l = 2*l, 4*q - 2*l - 30 = 0. Let c(b) = 12*b + q + 2 - 9. Calculate c(1).
11
Let g(h) = -h**3 - 4*h**2 + 2. Let i(c) = c**3 + 8*c**2 - 10*c - 13. Suppose 18 = -v + 4*t - 7*t, -2*v - 2*t = 24. Let o be i(v). Give g(o).
2
Let a be (1 - 5)/((-209)/(-55) - 3). Let v(t) = -t**2 - 2*t - 8. What is v(a)?
-23
Let u(f) = f**2 - 304. Let y be u(-17). Let g(d) = d + 22. Give g(y).
7
Let d be 36/(-16)*(-4)/3. Let r be d/(-8) - 153/(-24). Let o(m) = 2 - 2*m**3 + 9*m + m**3 - 7*m**2 + r. What is o(-8)?
0
Let z(l) = -16*l**3 + l**2 - 21*l + 12. Let n(q) = 6*q**3 + 8*q - 4. Let o(g) = 11*n(g) + 4*z(g). Suppose -u = -6*u - 15. What is o(u)?
-26
Let k(j) = -j**2 + 4*j + 6. Let l(r) = -r. Let s be l(-4). Suppose -45*m + 25 = -40*m. Suppose s*p = m*c - 5, 5 = 2*p - c - 0. Give k(p).
1
Let i(v) be the third derivative of v**5/10 - v**4/8 + v**3/6 + 142*v**2. Calculate i(2).
19
Suppose 0 = -5*n + 25 - 0. Let f(b) = 4*b + 3. Let a(r) = -r. Let k(j) = n*a(j) + f(j). Suppose 4*w + 3*s = 0, 4*w = 8*s - 6*s + 20. Calculate k(w).
0
Let u(a) = 3*a + 11. Suppose 8*k + 12 = 6*k. Determine u(k).
-7
Let m(h) be the third derivative of -h**5/60 + h**2. Let q be (-12)/3 + 17/(13 - -4). Determine m(q).
-9
Let w = -60 + 65. Let c(m) = -8 + m**2 - w*m + 2 + 9*m. What is c(-7)?
15
Let k(l) = l + 2. Let t(z) = z + 3. Let w(y) = -6*k(y) + 5*t(y). What is w(3)?
0
Let k = 3 - 0. Let h(f) = 2*f - 1 + f**3 + 4*f + 3*f**3 - k*f**3 - 5*f**2. Let y be h(4). Let u(a) = a**2 - 6*a - 4. Calculate u(y).
3
Let x(q) = -q**3 - 3*q**2 + 10*q. Let r be x(-5). Suppose r = w - 3. Let b(y) = -5 + 0 + 10*y**w - 6*y**2 + 1 - 11*y**3. Calculate b(-6).
-4
Let l(h) = -h**2 - 6*h - 5. Let a = 17 + -11. Suppose a*v + 19 = -5. Determine l(v).
3
Let p(i) be the second derivative of i**4/12 - 3*i**3/2 + 9*i**2/2 + 62*i. Calculate p(8).
1
Let u(o) = o - 26810*o**2 - 26806*o**2 - 1 + 72*o**3 + 53616*o**2. Determine u(1).
72
Let n(s) = s**3 + 5*s**2 + 3*s - 5. Let h be n(-3). Suppose 0 = -5*o + o + 2*w + 12, h*o - 32 = -3*w. Let c(d) = d - 6. What is c(o)?
-1
Let c(k) = -7 + 9 - 4*k + 2 + 8. Calculate c(9).
-24
Let k(v) = 3*v + 7. Let o(n) = 8*n + 20. Let h(c) = -17*k(c) + 6*o(c). Suppose 0 = -31*s - 27*s + 81 + 151. Determine h(s).
-11
Let t(g) = 3*g + 2. Let j = -1518 - -1514. Calculate t(j).
-10
Let s(a) = 4*a**3 - 3*a + 3*a**2 - 1 + 4*a - 2*a + 0*a. Let z be s(1). Let o(l) = l**2 - 5*l - 5. What is o(z)?
-5
Let o(f) be the third derivative of -f**5/120 - 5*f**4/24 + 3*f**3/2 - 16*f**2. Let g(z) be the first derivative of o(z). Determine g(-6).
1
Let w(j) be the third derivative of 9*j**5/20 - j**4/24 - j**3/6 + 22*j**2 - 3*j. What is w(-1)?
27
Let t be 1*(7 - -2)*1. Let v(n) = -n + 1 - 3 + t. Suppose -4*b - 36 = -4*l, -b - 5*l + 30 = -3*b. Calculate v(b).
12
Let a = -6 - -29. Suppose -7 = -5*x + a. Let v(c) = 3*c - 2. Let b(w) = -7*w + 3. Let s(y) = -2*b(y) - 5*v(y). Give s(x).
-2
Let u(k) = k**2 - 8*k + 10. Let j(r) be the second derivative of r**3/2 + r**2/2 + 11*r. Let b be j(2). What is u(b)?
3
Let v(l) = 2*l - 2. Let a = 52 - -34. Let s be (-2)/14 - a/(-14). Let x be 2/s - (-112)/24. Give v(x).
8
Let x = -3 + 6. Let k(z) be the second derivative of -z**5/20 + z**4/12 + z**3/3 + 3*z**2/2 + 5*z. Calculate k(x).
-9
Let v(c) = -c - 1. Let l be -4 - 1 - (4 - 3). Calculate v(l).
5
Let b(k) = 5*k - 1. Let u be b(1). Let w(r) = -r - 51. Let q(o) = -12. Let l(g) = -5*q(g) + w(g). Determine l(u).
5
Let b(x) = x**3 + 6*x**2 - 4*x - 8. Let c be b(-6). Let h be 0 - 3/(12/c). Let l(y) be the first derivative of y**2/2 - y + 6. Give l(h).
-5
Let y = -35 + 43. Let j(b) = -3*b - 2*b + 7 + 2*b. Let c(f) = -f + 2. Let u(n) = y*c(n) - 3*j(n). Determine u(5).
0
Let c(l) be the third derivative of -l**6/360 + l**5/40 + 5*l**4/8 + 5*l**2. Let t(b) be the second derivative of c(b). Calculate t(5).
-7
Let y = 14 + -9. Suppose w = 3*t - 3*w - 29, 5*w = -y*t + 25. Let u(o) = -o**3 + 7*o**2 + o - 3. What is u(t)?
4
Let k(z) = 0*z + 2*z + z + 10*z. Suppose 3*b = -3 - 6. Let o(n) = -n**2 - 2*n + 2. Let l be o(b). Give k(l).
-13
Let v(o) = 5*o**3 + 10*o**2 - 3. Let g(s) = 6*s**3 + 11*s**2 - s - 3. Suppose -3*w - 8 = -23. Let z(d) = w*v(d) - 4*g(d). Determine z(-5).
2
Let y(m) = -m + 2. Let h be y(2). Let f(j) = j**2 + h*j - 76 + 72 + j. Calculate f(0).
-4
Let w(t) = -t**3 + t - 1. Let c(a) = -5*a**3 + 6*a**2 + 7*a - 13. Let j be 1/(3*4/(-12)). Let o(l) = j*c(l) + 6*w(l). Let x be 7*(-1 - 0) + 1. What is o(x)?
13
Let p(j) be the third derivative of 0*j + 1/6*j**3 + 0 - 4*j**2 + 1/24*j**4. Calculate p(0).
1
Suppose 6*a - 5*u = a - 35, -u = -5*a - 35. Let z(m) be the third derivative of m**4/24 + 3*m**3/2 - 5*m**2. Determine z(a).
2
Suppose -3*k - 9 + 0 = 0, -2*p = 3*k + 15. Let v(f) = f**2 - 2*f - 17. Calculate v(p).
-2
Suppose -4*o + o - 2*u + 37 = 0, 14 = 2*o - 4*u. Let q(z) = -3 - 6 - o*z - z**2 + 7. Calculate q(-11).
-2
Let z(s) = 7*s**3 + 7*s**2 - 6*s + 3. Let l(c) = -15*c**3 - 15*c**2 + 13*c - 6. Let k(w) = -6*l(w) - 13*z(w). Let r = 106 - 106. Calculate k(r).
-3
Let x(w) be the first derivative of w**2 + 42*w + 33. Calculate x(-18).
6
Let y(q) = 3*q + 10. Let m be y(-3). Let j(r) = -r**3 + r. Let h be j(m). Let o(b) = 2*b + 4*b**2 - 3 + 5 + h*b - 6*b - b**3. Determine o(4).
-14
Let y(m) be the third derivative of -7*m**5/120 + m**3/3 + 2*m**2. Let l(s) be the first derivative of y(s). Let x = 345 - 347. What is l(x)?
14
Let o = -789 - -785. Let r(m) = -m**2 - 4*m + 7. Give r(o).
7
Let v(n) be the third derivative of 1/15*n**6 - 1